te the remainder when 14410 is divided by 1445.
1405
What is the remainder when 16722 is divided by 289?
249
What is the remainder when 5120 is divided by 853?
2
Calculate the remainder when 86240 is divided by 44.
0
What is the remainder when 41965 is divided by 32?
13
Calculate the remainder when 11170 is divided by 853.
81
What is the remainder when 5326 is divided by 148?
146
Calculate the remainder when 17201 is divided by 366.
365
Calculate the remainder when 5162 is divided by 48.
26
What is the remainder when 6743 is divided by 40?
23
What is the remainder when 81349 is divided by 452?
441
Calculate the remainder when 13385 is divided by 835.
25
Calculate the remainder when 183016 is divided by 118.
116
What is the remainder when 37163 is divided by 19?
18
Calculate the remainder when 11720 is divided by 452.
420
Calculate the remainder when 2925 is divided by 317.
72
Calculate the remainder when 18141 is divided by 32.
29
What is the remainder when 17672 is divided by 83?
76
What is the remainder when 14846 is divided by 20?
6
Calculate the remainder when 12681 is divided by 317.
1
Calculate the remainder when 5270 is divided by 92.
26
What is the remainder when 274 is divided by 125?
24
Calculate the remainder when 5138 is divided by 17.
4
Calculate the remainder when 17914 is divided by 26.
0
Calculate the remainder when 6028 is divided by 39.
22
What is the remainder when 3306 is divided by 79?
67
What is the remainder when 216199 is divided by 108083?
33
Calculate the remainder when 42820 is divided by 551.
393
Calculate the remainder when 2937 is divided by 30.
27
Calculate the remainder when 32764 is divided by 4094.
12
Calculate the remainder when 7248 is divided by 1441.
43
Calculate the remainder when 2426 is divided by 38.
32
What is the remainder when 197899 is divided by 798?
793
Calculate the remainder when 6917 is divided by 1682.
189
What is the remainder when 1235095 is divided by 15?
10
Calculate the remainder when 4746 is divided by 25.
21
Calculate the remainder when 31713 is divided by 138.
111
Calculate the remainder when 8265 is divided by 1376.
9
What is the remainder when 261368 is divided by 12446?
2
Calculate the remainder when 770726 is divided by 29.
22
What is the remainder when 17195 is divided by 8592?
11
Calculate the remainder when 4983 is divided by 1647.
42
What is the remainder when 4199 is divided by 1362?
113
Calculate the remainder when 230123 is divided by 79.
75
Calculate the remainder when 43941 is divided by 14642.
15
Calculate the remainder when 117274 is divided by 3.
1
What is the remainder when 16387 is divided by 51?
16
What is the remainder when 843517 is divided by 175?
17
Calculate the remainder when 1916 is divided by 1057.
859
What is the remainder when 9592 is divided by 195?
37
What is the remainder when 101573 is divided by 17?
15
Calculate the remainder when 338396 is divided by 47.
43
What is the remainder when 3796 is divided by 164?
24
Calculate the remainder when 2710 is divided by 517.
125
Calculate the remainder when 2368 is divided by 733.
169
What is the remainder when 3075 is divided by 303?
45
What is the remainder when 29480 is divided by 99?
77
Calculate the remainder when 23197 is divided by 380.
17
What is the remainder when 1649 is divided by 274?
5
What is the remainder when 289021 is divided by 53?
12
Calculate the remainder when 2381 is divided by 1174.
33
Calculate the remainder when 11082 is divided by 338.
266
What is the remainder when 72500 is divided by 171?
167
What is the remainder when 4641459 is divided by 27?
24
Calculate the remainder when 2640693 is divided by 12.
9
What is the remainder when 324725 is divided by 108235?
20
Calculate the remainder when 1170175 is divided by 112.
111
What is the remainder when 37024 is divided by 588?
568
What is the remainder when 4193699 is divided by 75?
74
What is the remainder when 73541 is divided by 82?
69
Calculate the remainder when 301417 is divided by 150707.
3
Calculate the remainder when 307358 is divided by 475.
33
What is the remainder when 629478 is divided by 24?
6
What is the remainder when 21739 is divided by 529?
50
Calculate the remainder when 1163 is divided by 114.
23
Calculate the remainder when 337 is divided by 76.
33
What is the remainder when 1007 is divided by 999?
8
Calculate the remainder when 463406 is divided by 43.
38
What is the remainder when 45504 is divided by 95?
94
What is the remainder when 15104 is divided by 199?
179
What is the remainder when 14180 is divided by 4567?
479
Calculate the remainder when 13206 is divided by 5.
1
Calculate the remainder when 88559 is divided by 88558.
1
What is the remainder when 1062 is divided by 391?
280
What is the remainder when 23437 is divided by 7681?
394
Calculate the remainder when 8089 is divided by 898.
7
Calculate the remainder when 33874 is divided by 231.
148
What is the remainder when 5931 is divided by 210?
51
What is the remainder when 3785 is divided by 289?
28
Calculate the remainder when 2988 is divided by 362.
92
Calculate the remainder when 3212 is divided by 1598.
16
Calculate the remainder when 693207 is divided by 121.
119
Calculate the remainder when 173067 is divided by 18.
15
What is the remainder when 213561 is divided by 105?
96
Calculate the remainder when 482536 is divided by 46.
42
Calculate the remainder when 34288 is divided by 64.
48
Calculate the remainder when 2830 is divided by 281.
20
Calculate the remainder when 2285814 is divided by 403.
401
What is the remainder when 450305 is divided by 611?
609
Calculate the remainder when 565548 is divided by 53.
38
Calculate the remainder when 15445 is divided by 7720.
5
What is the remainder when 146515 is divided by 12?
7
Calculate the remainder when 5253684 is divided by 22.
18
Calculate the remainder when 16659 is divided by 140.
139
What is the remainder when 3268 is divided by 1074?
46
What is the remainder when 263 is divided by 140?
123
What is the remainder when 196 is divided by 73?
50
What is the remainder when 831884 is divided by 153?
23
Calculate the remainder when 1665 is divided by 276.
9
What is the remainder when 27437 is divided by 910?
137
Calculate the remainder when 305054 is divided by 44.
2
What is the remainder when 3436 is divided by 1715?
6
Calculate the remainder when 147422 is divided by 34.
32
What is the remainder when 156863 is divided by 9?
2
Calculate the remainder when 1108 is divided by 534.
40
What is the remainder when 7137 is divided by 1783?
5
Calculate the remainder when 17530 is divided by 44.
18
Calculate the remainder when 561253 is divided by 101.
97
What is the remainder when 1076919 is divided by 1078?
1075
What is the remainder when 6170 is divided by 12?
2
What is the remainder when 1217 is divided by 276?
113
Calculate the remainder when 20176 is divided by 87.
79
Calculate the remainder when 7922 is divided by 790.
22
What is the remainder when 23163 is divided by 234?
231
Calculate the remainder when 84686 is divided by 10.
6
What is the remainder when 1569 is divided by 193?
25
Calculate the remainder when 16768 is divided by 73.
51
What is the remainder when 7469 is divided by 114?
59
Calculate the remainder when 52597 is divided by 13134.
61
What is the remainder when 2562025 is divided by 14?
11
Calculate the remainder when 76908 is divided by 19214.
52
What is the remainder when 2330 is divided by 1050?
230
What is the remainder when 8471 is divided by 24?
23
What is the remainder when 3590 is divided by 1035?
485
Calculate the remainder when 7788 is divided by 971.
20
Calculate the remainder when 874855 is divided by 173.
167
Calculate the remainder when 10093 is divided by 66.
61
What is the remainder when 2150 is divided by 239?
238
Calculate the remainder when 148779 is divided by 136.
131
Calculate the remainder when 1089 is divided by 1064.
25
Calculate the remainder when 4131 is divided by 1024.
35
What is the remainder when 93703 is divided by 375?
328
Calculate the remainder when 9596 is divided by 303.
203
Calculate the remainder when 79701 is divided by 13282.
9
Calculate the remainder when 39757 is divided by 9892.
189
Calculate the remainder when 8803 is divided by 269.
195
What is the rema